{"id":199,"date":"2022-12-25T13:09:20","date_gmt":"2022-12-25T12:09:20","guid":{"rendered":"https:\/\/mbnp-starachowice.dkonto.pl\/?page_id=199"},"modified":"2022-12-25T13:09:20","modified_gmt":"2022-12-25T12:09:20","slug":"duszpasterstwo-nauczycieli","status":"publish","type":"page","link":"http:\/\/mbnp-starachowice.dkonto.pl\/index.php\/duszpasterstwo-nauczycieli\/","title":{"rendered":"Duszpasterstwo Nauczycieli"},"content":{"rendered":"\n<p>Pierwsze spotkanie Duszpasterstwa nauczycieli i pracownik\u00f3w o\u015bwiaty odby\u0142o si\u0119 17 marca 2019 roku w sali pod ko\u015bcio\u0142em. Spotkanie poprowadzi\u0142 ks. Karol Kostecki. Obecnych by\u0142o kilku nauczycieli, kt\u00f3rzy podzielili si\u0119 nadziej\u0105 i rado\u015bci\u0105 z inicjatywny spotka\u0144 duszpasterskich dla nauczycieli.<\/p>\n\n\n\n<p>31 marca 2019 roku grupa nauczycieli z naszych szk\u00f3\u0142 z ks. Karolem uczestniczy\u0142a w Wielkopostnym Dniu Skupienia odby\u0142 si\u0119 w gmachu radomskiego Wy\u017cszego Seminarium Duchownego. Poprowadzi\u0142 go ks. Henryk Zieli\u0144ski, redaktor naczelny tygodnika \u201cIdziemy\u201d. By\u0142o nabo\u017ce\u0144stwo pokutne, wyk\u0142ad i Msza \u015bw., kt\u00f3rej przewodniczy\u0142 bp Piotr Turzy\u0144ski.<\/p>\n\n\n\n<p>W niedziel\u0119 6 pa\u017adziernika 2019 roku w naszej parafii odby\u0142o si\u0119 spotkanie nauczycieli i wychowawc\u00f3w. Spotkanie rozpocz\u0119li\u015bmy Msz\u0105 \u015awi\u0119ta o godz. 11:15 z Liturgi\u0105 S\u0142owa przygotowan\u0105 przez nauczycieli oraz uczni\u00f3w naszych szk\u00f3\u0142. Po Eucharystii odby\u0142o si\u0119 radosne spotkanie przy kawie. \u201eJako katecheci chcemy wsp\u00f3lnie z nauczycielami troszczy\u0107 si\u0119 o wychowanie m\u0142odego pokolenia, dlatego takie spotkania stanowi\u0105 niesamowit\u0105 przestrze\u0144 do rozmowy na temat sposob\u00f3w dotarcia do m\u0142odych ale tak\u017ce s\u0105 wyrazem duszpasterskiej troski kap\u0142an\u00f3w o formacje pracownik\u00f3w o\u015bwiaty w naszym mie\u015bcie\u201d \u2013 m\u00f3wi ks. Andrzej Kania, proboszcz parafii.<\/p>\n\n\n\n<p>8 listopada 2019 roku odby\u0142o si\u0119 modlitewne spotkanie za zmar\u0142ych nauczycieli. Modlitw\u0105 r\u00f3\u017ca\u0144cow\u0105 wraz z nauczycielami III LO i SP13 ogarniali\u015bmy zar\u00f3wno zmar\u0142ych nauczycieli jak i bliskich zmar\u0142ych naszych koleg\u00f3w i kole\u017canek. Po modlitwie odby\u0142o si\u0119 tradycyjne spotkanie przy kawie i ciastku.<\/p>\n\n\n\n<p>11 pa\u017adziernika 2020 \u2013 pomimo pandemii \u2013 po Mszy \u015aw. o godz. 11:15 odby\u0142o si\u0119 spotkanie dla nauczycieli w salce parafialnej. Wszystkich nauczycieli i uczni\u00f3w z racji dnia Edukacji Narodowej polecali\u015bmy w nowennowej modlitwie r\u00f3\u017ca\u0144cowej.<\/p>\n","protected":false},"excerpt":{"rendered":"<p>Pierwsze spotkanie Duszpasterstwa nauczycieli i pracownik\u00f3w o\u015bwiaty odby\u0142o si\u0119 17 marca 2019 roku w sali pod ko\u015bcio\u0142em. Spotkanie poprowadzi\u0142 ks. Karol Kostecki. Obecnych by\u0142o kilku nauczycieli, kt\u00f3rzy podzielili si\u0119 nadziej\u0105 i rado\u015bci\u0105 z inicjatywny spotka\u0144 duszpasterskich dla nauczycieli. 31 marca 2019 roku grupa nauczycieli z naszych szk\u00f3\u0142 z ks. Karolem uczestniczy\u0142a w Wielkopostnym Dniu Skupienia [&hellip;]<\/p>\n","protected":false},"author":1,"featured_media":0,"parent":0,"menu_order":0,"comment_status":"closed","ping_status":"closed","template":"","meta":{"_et_pb_use_builder":"off","_et_pb_old_content":"","_et_gb_content_width":"","footnotes":""},"class_list":["post-199","page","type-page","status-publish","hentry"],"_links":{"self":[{"href":"http:\/\/mbnp-starachowice.dkonto.pl\/index.php\/wp-json\/wp\/v2\/pages\/199","targetHints":{"allow":["GET"]}}],"collection":[{"href":"http:\/\/mbnp-starachowice.dkonto.pl\/index.php\/wp-json\/wp\/v2\/pages"}],"about":[{"href":"http:\/\/mbnp-starachowice.dkonto.pl\/index.php\/wp-json\/wp\/v2\/types\/page"}],"author":[{"embeddable":true,"href":"http:\/\/mbnp-starachowice.dkonto.pl\/index.php\/wp-json\/wp\/v2\/users\/1"}],"replies":[{"embeddable":true,"href":"http:\/\/mbnp-starachowice.dkonto.pl\/index.php\/wp-json\/wp\/v2\/comments?post=199"}],"version-history":[{"count":1,"href":"http:\/\/mbnp-starachowice.dkonto.pl\/index.php\/wp-json\/wp\/v2\/pages\/199\/revisions"}],"predecessor-version":[{"id":200,"href":"http:\/\/mbnp-starachowice.dkonto.pl\/index.php\/wp-json\/wp\/v2\/pages\/199\/revisions\/200"}],"wp:attachment":[{"href":"http:\/\/mbnp-starachowice.dkonto.pl\/index.php\/wp-json\/wp\/v2\/media?parent=199"}],"curies":[{"name":"wp","href":"https:\/\/api.w.org\/{rel}","templated":true}]}}