{"id":196,"date":"2022-12-25T12:49:43","date_gmt":"2022-12-25T11:49:43","guid":{"rendered":"https:\/\/mbnp-starachowice.dkonto.pl\/?page_id=196"},"modified":"2022-12-25T12:49:45","modified_gmt":"2022-12-25T11:49:45","slug":"rodziny-nazaretanskie","status":"publish","type":"page","link":"http:\/\/mbnp-starachowice.dkonto.pl\/index.php\/rodziny-nazaretanskie\/","title":{"rendered":"Rodziny Nazareta\u0144skie"},"content":{"rendered":"\n<p><strong>Ruch Rodzin Nazareta\u0144skich<\/strong><\/p>\n\n\n\n<p><strong>W naszej parafii&nbsp;spotkania odbywaj\u0105 si\u0119 w ka\u017cd\u0105 \u015brod\u0119 po Mszy \u015aw. o godz. 18:00, zjazdy diecezjalne \u2013 w trzeci pi\u0105tek ka\u017cdego miesi\u0105ca, a ponadto w czasie wakacji jest mo\u017cliwo\u015b\u0107 wyjazdu na rekolekcyjny turnus rodzinny, trwaj\u0105cy od siedmiu do dziesi\u0119ciu dni.<\/strong><\/p>\n\n\n\n<p><img loading=\"lazy\" decoding=\"async\" src=\"http:\/\/parafia.starachowice.pl\/wp-content\/uploads\/2021\/01\/IMG_3072-1024x768.jpg\" alt=\"\" width=\"960\" height=\"720\" srcset=\"https:\/\/parafia.starachowice.pl\/wp-content\/uploads\/2021\/01\/xIMG_3072-1024x768.jpg.pagespeed.ic.fmL3FPdspf.webp 1024w, https:\/\/parafia.starachowice.pl\/wp-content\/uploads\/2021\/01\/xIMG_3072-scaled-600x450.jpg.pagespeed.ic.xBzst8DrsW.webp 600w, https:\/\/parafia.starachowice.pl\/wp-content\/uploads\/2021\/01\/xIMG_3072-300x225.jpg.pagespeed.ic.on_A2DvIWq.webp 300w, https:\/\/parafia.starachowice.pl\/wp-content\/uploads\/2021\/01\/xIMG_3072-768x576.jpg.pagespeed.ic.SZ-C0B8pTx.webp 768w, https:\/\/parafia.starachowice.pl\/wp-content\/uploads\/2021\/01\/IMG_3072-1536x1152.jpg 1536w, https:\/\/parafia.starachowice.pl\/wp-content\/uploads\/2021\/01\/IMG_3072-2048x1536.jpg 2048w\"><\/p>\n\n\n\n<p id=\"caption-attachment-9173\"><strong>Spotkanie formacyjne RRN w \u201csali na g\u00f3rze\u201d<\/strong><\/p>\n\n\n\n<figure class=\"wp-block-image alignleft\"><a href=\"http:\/\/parafia.starachowice.pl\/wp-content\/uploads\/2016\/08\/20140220161524.jpg\"><img decoding=\"async\" src=\"http:\/\/parafia.starachowice.pl\/wp-content\/uploads\/2016\/08\/20140220161524.jpg\" alt=\"20140220161524\" class=\"wp-image-178\"\/><\/a><\/figure>\n\n\n\n<p><strong>Ruch Rodzin Nazareta\u0144skich<\/strong>&nbsp;(RRN) jest mi\u0119dzynarodowym katolickim ruchem apostolstwa rodzin, kt\u00f3rego celem jest u\u015bwi\u0119cenie cz\u0142onk\u00f3w poprzez pog\u0142\u0119bienie \u017cycia Ewangeli\u0105 w oparciu o komuni\u0119 \u017cycia z Chrystusem w codzienno\u015bci. Inicjatorem RRN jest ks. prof. Tadeusz Dejczer, kt\u00f3ry wraz z ks. dr Andrzejem Buczelem i grup\u0105 os\u00f3b \u015bwieckich utworzyli w 1985 r. w Warszawie pierwsz\u0105 wsp\u00f3lnot\u0119 ewangelizacyjn\u0105, kt\u00f3ra&nbsp;da\u0142a pocz\u0105tek Ruchowi. W ci\u0105gu dw\u00f3ch lat RRN rozprzestrzeni\u0142 si\u0119 na terenie Polski, a obecnie istnieje tak\u017ce w kilkudziesi\u0119ciu krajach na wszystkich kontynentach. Pomimo mi\u0119dzynarodowego charakteru Ruch funkcjonuje w oparciu o struktur\u0119 diecezjaln\u0105, podkre\u015blaj\u0105c wi\u0119\u017a z Ko\u015bcio\u0142em lokalnym. W diecezjach kieruj\u0105 nim ksi\u0119\u017ca moderatorzy mianowani przez biskup\u00f3w diecezjalnych. Cz\u0142onkowie Ruchu spotykaj\u0105 si\u0119 we wsp\u00f3lnotach parafialnych. Wsp\u00f3lnotami kieruj\u0105 \u015bwieccy animatorzy, \u015bci\u015ble wsp\u00f3\u0142pracuj\u0105cy w zakresie spraw duchowych z kap\u0142anami.<br>Rodziny Nazareta\u0144skie cechuje:<\/p>\n\n\n\n<ul class=\"wp-block-list\">\n<li>d\u0105\u017cenie do pe\u0142nej komunii z Chrystusem, kt\u00f3ra oznacza kochanie Boga i ludzi mi\u0142o\u015bci\u0105 Chrystusa,<\/li>\n\n\n\n<li>idea\u0142 Nazaretu realizowany przez na\u015bladowanie Jezusa w Jego ub\u00f3stwie, pokorze i uni\u017ceniu,<\/li>\n\n\n\n<li>cz\u0119ste uczestnictwo we Mszy \u015bw. oraz sta\u0142a \u0142\u0105czno\u015b\u0107 z darem Eucharystii<\/li>\n\n\n\n<li>umi\u0142owanie \u015brodk\u00f3w ubogich, takich jak m.in.. wyrzeczenie, zaparcie si\u0119 siebie, modlitwa, jako doskona\u0142ej pomocy w drodze do Boga<\/li>\n\n\n\n<li>maryjno\u015b\u0107 wyra\u017caj\u0105ca si\u0119 w postawie zawierzenia Matce Bo\u017cej jako Matce Ko\u015bcio\u0142a<\/li>\n\n\n\n<li>eklezjalno\u015b\u0107: cz\u0142onkowie RRN, patrz\u0105c w \u015bwietle wiary, widz\u0105 w&nbsp; Ko\u015bciele szczeg\u00f3lny kana\u0142 \u0142aski, z kt\u00f3rego rodzi si\u0119 relacja synowskiej mi\u0142o\u015bci i pos\u0142usze\u0144stwa wobec kap\u0142an\u00f3w i biskup\u00f3w.<\/li>\n<\/ul>\n\n\n\n<p><img loading=\"lazy\" decoding=\"async\" src=\"http:\/\/parafia.starachowice.pl\/wp-content\/uploads\/2021\/01\/DSC_5361-1024x697.jpg\" alt=\"\" width=\"960\" height=\"653\" srcset=\"https:\/\/parafia.starachowice.pl\/wp-content\/uploads\/2021\/01\/xDSC_5361-1024x697.jpg.pagespeed.ic.cgGKx9Urz5.webp 1024w, https:\/\/parafia.starachowice.pl\/wp-content\/uploads\/2021\/01\/xDSC_5361-300x204.jpg.pagespeed.ic.qj5bKXN_rd.webp 300w, https:\/\/parafia.starachowice.pl\/wp-content\/uploads\/2021\/01\/xDSC_5361-768x523.jpg.pagespeed.ic.Bue4O64p0a.webp 768w, https:\/\/parafia.starachowice.pl\/wp-content\/uploads\/2021\/01\/DSC_5361-1536x1046.jpg 1536w, https:\/\/parafia.starachowice.pl\/wp-content\/uploads\/2021\/01\/DSC_5361-2048x1394.jpg 2048w\"><\/p>\n\n\n\n<p id=\"caption-attachment-9294\"><em><strong>Z Ksi\u0119dzem Biskupem Henrykiem podczas wizytacji<\/strong><\/em><\/p>\n\n\n\n<p><strong>Spotkania formacyjne odbywaj\u0105 si\u0119 raz w tygodniu, w \u015brody, po Mszy \u015awi\u0119tej, w sali na plebanii. Grupa rozpocz\u0119\u0142a dzia\u0142alno\u015b\u0107 z b\u0142ogos\u0142awie\u0144stwem ksi\u0119dza proboszcza, Stanis\u0142awa Pindery, a jej pierwszym opiekunem zosta\u0142 ksi\u0105dz Konrad Ja\u015bkiewicz. Obecnie moderatorem wsp\u00f3lnoty jest ks. Karol Kostecki. W trakcie spotka\u0144, po wsp\u00f3lnej modlitwie rozwa\u017camy fragmenty ksi\u0105\u017cek i zeszyt\u00f3w formacyjnych, dziel\u0105c si\u0119 swoimi do\u015bwiadczeniami i prze\u017cyciami, pr\u00f3buj\u0105c dostrzega\u0107 ich sens w \u015bwietle wiary.<\/strong><\/p>\n\n\n\n<p><img loading=\"lazy\" decoding=\"async\" src=\"http:\/\/parafia.starachowice.pl\/wp-content\/uploads\/2021\/01\/E274D30B-5480-4B46-AF0D-27B74E3FDE13_1_201_a-1024x583.jpeg\" alt=\"\" width=\"960\" height=\"547\" srcset=\"https:\/\/parafia.starachowice.pl\/wp-content\/uploads\/2021\/01\/xE274D30B-5480-4B46-AF0D-27B74E3FDE13_1_201_a-1024x583.jpeg.pagespeed.ic.cDhxHtLyBH.webp 1024w, https:\/\/parafia.starachowice.pl\/wp-content\/uploads\/2021\/01\/xE274D30B-5480-4B46-AF0D-27B74E3FDE13_1_201_a-600x342.jpeg.pagespeed.ic.6mcHRkEL_l.webp 600w, https:\/\/parafia.starachowice.pl\/wp-content\/uploads\/2021\/01\/xE274D30B-5480-4B46-AF0D-27B74E3FDE13_1_201_a-300x171.jpeg.pagespeed.ic.Apk0od9j5Q.webp 300w, https:\/\/parafia.starachowice.pl\/wp-content\/uploads\/2021\/01\/xE274D30B-5480-4B46-AF0D-27B74E3FDE13_1_201_a-768x438.jpeg.pagespeed.ic.k5LYdEGsUs.webp 768w, https:\/\/parafia.starachowice.pl\/wp-content\/uploads\/2021\/01\/E274D30B-5480-4B46-AF0D-27B74E3FDE13_1_201_a-1536x875.jpeg 1536w, https:\/\/parafia.starachowice.pl\/wp-content\/uploads\/2021\/01\/E274D30B-5480-4B46-AF0D-27B74E3FDE13_1_201_a-2048x1167.jpeg 2048w\"><\/p>\n\n\n\n<p id=\"caption-attachment-8998\"><strong>Spotkania mimo pandemii<\/strong><\/p>\n\n\n\n<p>Tw\u00f3rc\u0105 Ruchu Rodzin Nazareta\u0144skich jest ksi\u0105dz Tadeusz Dajczer, profesor Akademii Teologii Katolickiej w Warszawie (obecnie Uniwersytet Kardyna\u0142a Stefana Wyszy\u0144skiego). Ruch istnieje dwadzie\u015bcia kilka lat, powsta\u0142 w Polsce, stworzony przez Polaka, ale obecnie ma na ca\u0142ym \u015bwiecie wielu wi\u0119cej wyznawc\u00f3w ni\u017c w naszej Ojczy\u017anie. Ojciec \u015awi\u0119ty Jan Pawe\u0142 II powiedzia\u0142 o nim, \u017ce to pierwszy ruch \u015bwieckich, kt\u00f3ry dba o ubogacenie \u017cycia wewn\u0119trznego cz\u0142onk\u00f3w, zach\u0119ca do modlitwy i kontemplacji. Jest w nim miejsce dla os\u00f3b \u015bwieckich i dla konsekrowanych, a mimo \u201eRodzin\u201d w nazwie jest propozycj\u0105 rozwoju duchowego, zar\u00f3wno dla ma\u0142\u017ce\u0144stw, rodzin, jak i os\u00f3b, realizuj\u0105cych swoje \u017cyciowe powo\u0142anie w \u017cyciu samotnym.<\/p>\n\n\n\n<p>Ruch Rodzin Nazareta\u0144skich opiera swoj\u0105 duchowo\u015b\u0107 na testamencie Jezusa Chrystusa, kt\u00f3ry z Krzy\u017ca przekaza\u0142 na r\u0119ce \u015bwi\u0119tego Jana \u2013 wszystkim wierz\u0105cym. Maryja zosta\u0142a nam przekazana jako Or\u0119downiczka, Po\u015bredniczka, Wspomo\u017cycielka, a przede wszystkim \u2013 Matka. \u017bycie w komunii z ni\u0105 jest doskona\u0142a drog\u0105 do komunii z Bogiem. Dzi\u0119ki Jej pokorze i \u015bwi\u0119to\u015bci mo\u017cemy b\u0142aga\u0107, aby to Ona w nas i za nas sk\u0142ada\u0142a Bogu ofiar\u0119 z naszej ma\u0142o\u015bci i skruchy wobec Jego Nieogarnionej Mi\u0142o\u015bci. Ta duchowa droga mo\u017ce by\u0107 realizowana przez praktykowanie Eucharystii, przez adoracj\u0119 Krzy\u017ca i Naj\u015bwi\u0119tszego Sakramentu, przez rozwa\u017canie Pisma \u015awi\u0119tego oraz pism formacyjnych, a tak\u017ce przez kierownictwo duchowe kap\u0142ana, kt\u00f3ry pomo\u017ce przeprowadzi\u0107 przez r\u00f3\u017cnorodne pr\u00f3by wiary.<\/p>\n\n\n\n<p><img loading=\"lazy\" decoding=\"async\" src=\"http:\/\/parafia.starachowice.pl\/wp-content\/uploads\/2016\/08\/nazaretki-e1472038592225-1024x765.jpg\" alt=\"nazaretki\" width=\"960\" height=\"717\" srcset=\"https:\/\/parafia.starachowice.pl\/wp-content\/uploads\/2016\/08\/xnazaretki-e1472038592225-1024x765.jpg.pagespeed.ic.SrP8RrDQOu.webp 1024w, https:\/\/parafia.starachowice.pl\/wp-content\/uploads\/2016\/08\/xnazaretki-e1472038592225-600x449.jpg.pagespeed.ic.WPLEvKkatb.webp 600w, https:\/\/parafia.starachowice.pl\/wp-content\/uploads\/2016\/08\/xnazaretki-e1472038592225-300x224.jpg.pagespeed.ic.Jb_p4D4luu.webp 300w, https:\/\/parafia.starachowice.pl\/wp-content\/uploads\/2016\/08\/xnazaretki-e1472038592225-768x574.jpg.pagespeed.ic.nMtYlHApZV.webp 768w, https:\/\/parafia.starachowice.pl\/wp-content\/uploads\/2016\/08\/xnazaretki-e1472038592225-540x404.jpg.pagespeed.ic.6MHtegI4oT.webp 540w, https:\/\/parafia.starachowice.pl\/wp-content\/uploads\/2016\/08\/xnazaretki-e1472038592225-401x300.jpg.pagespeed.ic.66Lo7xDf2F.webp 401w, https:\/\/parafia.starachowice.pl\/wp-content\/uploads\/2016\/08\/xnazaretki-e1472038592225-800x598.jpg.pagespeed.ic.RmBAJML5DL.webp 800w, https:\/\/parafia.starachowice.pl\/wp-content\/uploads\/2016\/08\/xnazaretki-e1472038592225-1100x822.jpg.pagespeed.ic.lm10nMfwpR.webp 1100w, https:\/\/parafia.starachowice.pl\/wp-content\/uploads\/2016\/08\/xnazaretki-e1472038592225.jpg.pagespeed.ic.qQzul53zU1.webp 1101w\"><\/p>\n\n\n\n<p id=\"caption-attachment-199\"><strong>Nazaretki na Zje\u017adzie Diecezjalnym w Mniszku<\/strong><\/p>\n\n\n\n<p><img loading=\"lazy\" decoding=\"async\" src=\"http:\/\/parafia.starachowice.pl\/wp-content\/uploads\/2021\/01\/IMG_5820-1024x768.jpg\" alt=\"\" width=\"960\" height=\"720\" srcset=\"https:\/\/parafia.starachowice.pl\/wp-content\/uploads\/2021\/01\/xIMG_5820-1024x768.jpg.pagespeed.ic.gsNYCr108c.webp 1024w, https:\/\/parafia.starachowice.pl\/wp-content\/uploads\/2021\/01\/xIMG_5820-scaled-600x450.jpg.pagespeed.ic.fi3V2e4vyz.webp 600w, https:\/\/parafia.starachowice.pl\/wp-content\/uploads\/2021\/01\/xIMG_5820-300x225.jpg.pagespeed.ic.6pwqptzPsl.webp 300w, https:\/\/parafia.starachowice.pl\/wp-content\/uploads\/2021\/01\/xIMG_5820-768x576.jpg.pagespeed.ic.xVBQ7E4tWe.webp 768w, https:\/\/parafia.starachowice.pl\/wp-content\/uploads\/2021\/01\/IMG_5820-1536x1152.jpg 1536w, https:\/\/parafia.starachowice.pl\/wp-content\/uploads\/2021\/01\/IMG_5820-2048x1536.jpg 2048w\"><\/p>\n\n\n\n<p id=\"caption-attachment-9172\"><strong>Rekolekcje wakacyjne \u2013 Czarna G\u00f3ra 2018<\/strong><\/p>\n\n\n\n<p><img loading=\"lazy\" decoding=\"async\" src=\"http:\/\/parafia.starachowice.pl\/wp-content\/uploads\/2021\/01\/72358629_809091032861706_1035751064445386752_n-1024x768.jpg\" alt=\"\" width=\"960\" height=\"720\" srcset=\"https:\/\/parafia.starachowice.pl\/wp-content\/uploads\/2021\/01\/x72358629_809091032861706_1035751064445386752_n-1024x768.jpg.pagespeed.ic.Kvrxhzpweh.webp 1024w, https:\/\/parafia.starachowice.pl\/wp-content\/uploads\/2021\/01\/x72358629_809091032861706_1035751064445386752_n-600x450.jpg.pagespeed.ic.pPavcdItJa.webp 600w, https:\/\/parafia.starachowice.pl\/wp-content\/uploads\/2021\/01\/x72358629_809091032861706_1035751064445386752_n-300x225.jpg.pagespeed.ic.vXA42T_85K.webp 300w, https:\/\/parafia.starachowice.pl\/wp-content\/uploads\/2021\/01\/x72358629_809091032861706_1035751064445386752_n-768x576.jpg.pagespeed.ic.wrC5v_tVlU.webp 768w, https:\/\/parafia.starachowice.pl\/wp-content\/uploads\/2021\/01\/72358629_809091032861706_1035751064445386752_n-1536x1152.jpg 1536w, https:\/\/parafia.starachowice.pl\/wp-content\/uploads\/2021\/01\/72358629_809091032861706_1035751064445386752_n.jpg 1548w\"><\/p>\n\n\n\n<p id=\"caption-attachment-9168\"><strong>Rekolekcje \u2013 Czarna 2020<\/strong><\/p>\n\n\n\n<p><img loading=\"lazy\" decoding=\"async\" src=\"https:\/\/parafia.starachowice.pl\/wp-content\/uploads\/2022\/06\/960x720xABF5C89F-3D4D-4649-9096-A4C524BC098F-1024x768.jpg.pagespeed.ic.-LakQGmS9e.webp\" alt=\"Na Dniu Skupienia w Zwoleniu - 2022\" width=\"960\" height=\"720\" srcset=\"https:\/\/parafia.starachowice.pl\/wp-content\/uploads\/2022\/06\/xABF5C89F-3D4D-4649-9096-A4C524BC098F-1024x768.jpg.pagespeed.ic.G808Cudx4G.webp 1024w, https:\/\/parafia.starachowice.pl\/wp-content\/uploads\/2022\/06\/xABF5C89F-3D4D-4649-9096-A4C524BC098F-300x225.jpg.pagespeed.ic.YFTmqzfZ_C.webp 300w, https:\/\/parafia.starachowice.pl\/wp-content\/uploads\/2022\/06\/xABF5C89F-3D4D-4649-9096-A4C524BC098F-768x576.jpg.pagespeed.ic.54GjibaG3C.webp 768w, https:\/\/parafia.starachowice.pl\/wp-content\/uploads\/2022\/06\/ABF5C89F-3D4D-4649-9096-A4C524BC098F.jpg 1440w\"><\/p>\n\n\n\n<p id=\"caption-attachment-10495\">Na Dniu Skupienia w Zwoleniu \u2013 2022<\/p>\n\n\n\n<p><strong>Zapraszamy na spotkania osoby, kt\u00f3re s\u0105 zainteresowane rozwojem w\u0142asnej duchowo\u015bci.<\/strong><br><strong>opr. Anna B.<\/strong><\/p>\n","protected":false},"excerpt":{"rendered":"<p>Ruch Rodzin Nazareta\u0144skich W naszej parafii&nbsp;spotkania odbywaj\u0105 si\u0119 w ka\u017cd\u0105 \u015brod\u0119 po Mszy \u015aw. o godz. 18:00, zjazdy diecezjalne \u2013 w trzeci pi\u0105tek ka\u017cdego miesi\u0105ca, a ponadto w czasie wakacji jest mo\u017cliwo\u015b\u0107 wyjazdu na rekolekcyjny turnus rodzinny, trwaj\u0105cy od siedmiu do dziesi\u0119ciu dni. Spotkanie formacyjne RRN w \u201csali na g\u00f3rze\u201d Ruch Rodzin Nazareta\u0144skich&nbsp;(RRN) jest mi\u0119dzynarodowym [&hellip;]<\/p>\n","protected":false},"author":1,"featured_media":0,"parent":0,"menu_order":0,"comment_status":"closed","ping_status":"closed","template":"","meta":{"_et_pb_use_builder":"off","_et_pb_old_content":"","_et_gb_content_width":"","footnotes":""},"class_list":["post-196","page","type-page","status-publish","hentry"],"_links":{"self":[{"href":"http:\/\/mbnp-starachowice.dkonto.pl\/index.php\/wp-json\/wp\/v2\/pages\/196","targetHints":{"allow":["GET"]}}],"collection":[{"href":"http:\/\/mbnp-starachowice.dkonto.pl\/index.php\/wp-json\/wp\/v2\/pages"}],"about":[{"href":"http:\/\/mbnp-starachowice.dkonto.pl\/index.php\/wp-json\/wp\/v2\/types\/page"}],"author":[{"embeddable":true,"href":"http:\/\/mbnp-starachowice.dkonto.pl\/index.php\/wp-json\/wp\/v2\/users\/1"}],"replies":[{"embeddable":true,"href":"http:\/\/mbnp-starachowice.dkonto.pl\/index.php\/wp-json\/wp\/v2\/comments?post=196"}],"version-history":[{"count":1,"href":"http:\/\/mbnp-starachowice.dkonto.pl\/index.php\/wp-json\/wp\/v2\/pages\/196\/revisions"}],"predecessor-version":[{"id":197,"href":"http:\/\/mbnp-starachowice.dkonto.pl\/index.php\/wp-json\/wp\/v2\/pages\/196\/revisions\/197"}],"wp:attachment":[{"href":"http:\/\/mbnp-starachowice.dkonto.pl\/index.php\/wp-json\/wp\/v2\/media?parent=196"}],"curies":[{"name":"wp","href":"https:\/\/api.w.org\/{rel}","templated":true}]}}